ivisor of 126 and w.
18
Let w be (1 - 1) + -2 + 87 + -89. Let j(f) = -5*f - 3. Let l be j(w). What is the highest common factor of l and 136?
17
Let d(b) = -137*b + 4362. Let c be d(31). What is the highest common divisor of c and 255?
5
Let r be (21/15)/(17/170). What is the highest common factor of 12 and r?
2
Suppose -64*k = -69*k + 140. Let h(d) = -d - 33. Let c(j) = 1. Let m(g) = -5*c(g) - h(g). Let r be m(k). What is the greatest common factor of 8 and r?
8
Suppose -7*c = -11*c - 8. Let z be ((-12)/c)/((-5)/(-150)). Suppose -o - 4*w + 210 = o, 2*o - 2*w = z. What is the highest common factor of o and 19?
19
Suppose -79*n + 1249 - 778 = -2057. Let m be 6/(-1*(-44)/8 + -4). What is the greatest common divisor of m and n?
4
Let q be (1 + (-9)/(-3))/(36/36). Suppose -18 = -4*u + 3*f, 0 - 10 = -3*u + q*f. What is the greatest common divisor of 21 and u?
3
Let n(q) be the first derivative of -q**4/4 + q**2/2 + 9*q + 21. Let a be n(0). Suppose -a*m + 90 = -4*m. What is the greatest common factor of m and 9?
9
Let n = 3504 - 3470. Calculate the highest common divisor of 4777 and n.
17
Let g = 44 + -20. Let s(j) = j**2 + 9*j + 14. Let l be s(-5). Let m(q) = -q**2 - 7*q + 6. Let b be m(l). Calculate the highest common factor of b and g.
12
Suppose x + 53 = 2*x - 4*t, 3*t = x - 55. Let p be (-3)/(-1) - (8 - 7)*-424. Calculate the greatest common divisor of x and p.
61
Suppose -4*z = -i - 100, 2*z - 6*i + 4*i = 50. Let g be z/(((-18)/12)/(-3)). Calculate the highest common divisor of g and 25.
25
Let b(r) = -7*r - 79. Let y be b(-14). Let n be (1 + -2)/(y/(-855)). Calculate the greatest common factor of 15 and n.
15
Let g(c) = 3*c + 100. Let p be g(-28). Suppose p*x = 418 - 18. Calculate the highest common divisor of 325 and x.
25
Suppose -41*a = -h - 38*a + 38086, -114302 = -3*h - 2*a. What is the highest common divisor of 86 and h?
86
Let u(o) = 15*o**2 - 8*o - 16. Let y be -4*((-17)/85 + 12/10). Let l be u(y). What is the greatest common divisor of 192 and l?
64
Let r(a) = 5*a**2 + 31*a + 3. Let p be r(-6). Let w be 0 - p - (-24)/2. Let i = 11 + 4. Calculate the greatest common divisor of w and i.
15
Let s be (-208 + 0)/((-22)/4 - -6). Let o = s - -585. What is the highest common factor of o and 13?
13
Let h = -1085053 + 1085054. Suppose -4*t + t = -141. Calculate the highest common factor of h and t.
1
Let m(d) = -56*d + 1689. Let y be m(27). Calculate the greatest common factor of 236 and y.
59
Suppose -3*m + 201 + 654 = 0. Calculate the highest common divisor of 1045 and m.
95
Let i(y) = y**3 - 6*y**2 + 5*y + 12. Let c be i(7). Let d = c + -91. Let q be (10/4)/d*10. Calculate the greatest common divisor of 2 and q.
1
Let i(w) = 2*w + 1. Let x be i(-1). Let v be 2*(-88)/(x + -3). Let q = 74 + -41. What is the highest common factor of v and q?
11
Let n(m) = 6*m + 52. Let h be n(0). Suppose 3*u - h = -5*k, 3*k + 4 = k + 5*u. Calculate the highest common factor of 68 and k.
4
Let f(v) be the first derivative of -v**2/2 + 37*v + 152. Let r be f(15). What is the highest common divisor of 209 and r?
11
Suppose 0 = 4*h - 4*x - 332, 8*x = -4*h + 6*x + 314. Calculate the greatest common factor of h and 232.
8
Let v(h) = h**3 + 13*h**2 - 58*h - 7. Let k be v(-16). Let z be (-2)/(-4)*17*2. Calculate the greatest common divisor of z and k.
17
Let b = 115 + -57. Let i = -54 + b. Suppose 4*x - w - 28 = 0, -5*x + 0*w + i*w = -24. What is the greatest common divisor of 24 and x?
8
Let k(p) = -3373*p + 77. Let x be k(-1). Calculate the greatest common factor of 75 and x.
75
Let x = -2828 + 3551. Calculate the greatest common factor of 6 and x.
3
Let b(y) = -3*y**2 - 39*y + 678. Let o be b(-22). Calculate the greatest common divisor of o and 4732.
28
Suppose -74*u = -6*u - 10*u - 580. Let o(a) = 19*a**2 - 5. Let d be o(-5). What is the highest common factor of u and d?
10
Let l be (56/16 + -4 - 0)*-20. Calculate the greatest common divisor of l and 1280.
10
Let o(f) = 1839*f**2 - 15*f + 11. Let u be o(-4). What is the highest common divisor of 85 and u?
85
Let d be (-20)/(-6)*(131/(-1048) + 1066/80). Suppose 55 - 17 = 3*g - 5*q, -2*g + 2*q + 24 = 0. Let o = g + 55. Calculate the greatest common factor of d and o.
22
Suppose 2154 - 1155 + 4131 = 90*i. Calculate the highest common factor of i and 60.
3
Let p(t) be the second derivative of -t**3/6 + 6*t**2 - t. Let j be p(0). Let z be ((-189)/45)/21 + (-61)/(-5). What is the greatest common factor of j and z?
12
Let g be -1*(-6 - -3)/(-3). Let t(c) = -7*c + 6*c + 36*c**2 - 23*c**2 + 105*c**2. Let n be t(g). Calculate the greatest common divisor of n and 7.
7
Let p(g) = 2*g**3 - 4*g**2 + 3*g - 11. Let i = -167 - -170. Let r be p(i). Calculate the greatest common factor of r and 128.
16
Suppose 5*n = -99*z + 102*z + 2935, -5*n - 4*z + 2970 = 0. Calculate the highest common factor of 1888 and n.
118
Let a = -2666 - -2674. Let l(v) = v**3 + v + 60. Let p be l(0). Calculate the greatest common factor of a and p.
4
Suppose 79*i - 324 - 1572 = 0. What is the highest common factor of i and 1528?
8
Suppose -2*c = 5*f + c - 182, -4*f + c + 132 = 0. Let g = -279 + 670. What is the greatest common factor of g and f?
17
Let j(s) = -24*s**3 + 8*s**2 + 9*s + 1. Let i be ((-2 - -5)/12)/(28/(-112)). Let n be j(i). Calculate the highest common divisor of 552 and n.
24
Let d be (140556/742)/(3/7). What is the highest common divisor of 6409 and d?
221
Suppose 0 = -3*d + 59 + 253. Let v be ((-324)/48)/((-3)/d). What is the greatest common divisor of v and 36?
18
Let s = -515 - -518. Suppose -358 = -i + s*o, 5*o = -2*i - 192 + 897. Calculate the highest common divisor of 213 and i.
71
Let q(o) = 5*o**3 - 8*o**2 + 25*o - 31. Let b be q(4). What is the greatest common divisor of b and 180?
9
Suppose 0 = -3*q + 15, -3*q + 6495 = m + 4*m. Suppose m = 27*o - 23*o. Calculate the greatest common factor of o and 18.
18
Suppose 21*b - 13*b = 376. Suppose -2*v + 42*i - b*i + 33 = 0, 0 = -4*v + 3*i + 27. Calculate the highest common divisor of 522 and v.
9
Suppose 1782 = 6*u + 32*x - 28*x, 10*u = 4*x + 2970. Let g be 2/2 - -13*6. Let y = g - 52. What is the highest common factor of u and y?
27
Suppose -5*u + 5*w + 50 = 0, 39*u - 40*u + 14 = -3*w. Let c be (-1)/3*(-10 + -14). Calculate the highest common divisor of u and c.
8
Let r = 5 + -24. Let s = -17 - r. Let k be -4*(-9)/42*14/2. What is the greatest common factor of s and k?
2
Let i be (-3 + (-60)/(-18))/(2/(-762)). Let r = 130 + i. Suppose -b + 27 = w, 2*b = -r*b - 10. What is the highest common divisor of 203 and w?
29
Let h(a) = a + 32. Let m be h(-4). Let x be 42 + 10 + m/(-4). What is the greatest common factor of 27 and x?
9
Suppose -104 = -8*g - 16. Suppose -4*q = -g - 13. What is the greatest common factor of q and 30?
6
Let y be (4 - 1)*(-23)/(-1). Suppose -96*h - 5*b = -96*h + 45, 2*h - 5*b - 1011 = 0. What is the highest common divisor of y and h?
69
Let x(v) = -44*v - 67. Let z be x(-2). Calculate the greatest common factor of z and 217.
7
Let g be 5 + (0 - -1)*(-4 - -3). Suppose -8 + 0 = -2*y. Suppose y*z - 10*k + 6*k = 444, 5*z - 555 = -g*k. What is the highest common factor of z and 37?
37
Let b(d) = 8*d + 146. Let c be b(-14). Suppose -52*i + 2*o - 48 = -56*i, -5*o - c = -i. Calculate the highest common factor of 644 and i.
14
Let u = 20 + 0. Suppose 0 = -5*x + 4*t + 48 + 6, 5*t - 20 = 0. Suppose -18*k + 8 = -x*k. What is the highest common divisor of k and u?
2
Suppose -187 = -c + 177. Suppose 2*z = 3*g + 396, -5*z = -3*z + 5*g - c. Calculate the greatest common factor of z and 6.
6
Let q(f) = f**3 - 4*f**2 + 2*f - 2. Let w be q(4). Suppose -2*r + 3 = 3*i, 5*i - r + 1 = w. Let t = -7 - -14. Calculate the highest common divisor of i and t.
1
Let a = 33697 + -28083. What is the highest common divisor of a and 182?
14
Let v = 2244 + -2100. Calculate the highest common factor of v and 552.
24
Let j = -29 - -32. Suppose 0 = z - 5*i - j, -5*z - 3*i - i = -44. Let y = -39 - -79. Calculate the greatest common divisor of z and y.
8
Suppose 3*p + k - 116 = 0, -3*p = -133*k + 136*k - 108. Calculate the greatest common divisor of 95 and p.
5
Let n(p) = p**3 + 4*p**2 - 7*p - 21. Let h = -407 - -404. Let a be n(h). What is the highest common factor of a and 99?
9
Let c(d) be the first